{"id":158,"date":"2023-05-18T21:38:10","date_gmt":"2023-05-18T18:38:10","guid":{"rendered":"https:\/\/www.esracelik.com\/en\/?page_id=158"},"modified":"2023-07-19T16:59:34","modified_gmt":"2023-07-19T13:59:34","slug":"about-me","status":"publish","type":"page","link":"https:\/\/www.esracelik.com\/en\/about-me\/","title":{"rendered":"About Me"},"content":{"rendered":"<h3>MD, Esra \u00c7elik \u015eenel<\/h3>\n<p>He was born in 1975 in Ayd\u0131n and completed his primary, secondary and high school education in Ayd\u0131n. \u0130.\u00dc. He graduated from Cerrahpa\u015fa Faculty of Medicine in 1998. In 2005, he received his Aesthetic, Plastic and Reconstructive Surgery Specialization from Haydarpa\u015fa Numune Training and Research Hospital.<\/p>\n<p>In the same year, I.U. He graduated from the State Conservatory, Opera-Singing Department part-time. In the following years, he accelerated his scientific studies and increased his experience in breast reconstruction at Memorial Sloan Kettering Cancer Center (New York &#8211; USA), one of the most famous cancer centers in the world.<\/p>\n<p>MD, Esra \u00c7elik \u015eenel still works in her own clinic in Ni\u015fanta\u015f\u0131.<\/p>\n<p>Our surgeon, who believes that Aesthetic Surgery is intertwined with art, believes that beauty is hidden in the details and it is necessary to strive for an appearance close to nature.<\/p>\n<p><a href=\"https:\/\/www.posta.com.tr\/yazarlar\/op-dr-esra-celik-senel\/\" target=\"blank\" rel=\"noopener\"><img loading=\"lazy\" decoding=\"async\" class=\"alignnone size-full wp-image-700\" src=\"https:\/\/www.esracelik.com\/en\/wp-content\/uploads\/2023\/06\/Esra-Celik-Posta.jpg\" alt=\"\" width=\"364\" height=\"98\" srcset=\"https:\/\/www.esracelik.com\/en\/wp-content\/uploads\/2023\/06\/Esra-Celik-Posta.jpg 364w, https:\/\/www.esracelik.com\/en\/wp-content\/uploads\/2023\/06\/Esra-Celik-Posta-300x81.jpg 300w\" sizes=\"auto, (max-width: 364px) 100vw, 364px\" \/><\/a><\/p>\n<p><strong><a href=\"https:\/\/www.posta.com.tr\/yazarlar\/op-dr-esra-celik-senel\/\" target=\"blank\" rel=\"noopener\">MD, Esra \u00c7elik \u015eenel Posta Newspaper My Columns<\/a><\/strong><\/p>\n<p>&nbsp;<\/p>\n","protected":false},"excerpt":{"rendered":"<p>MD, Esra \u00c7elik \u015eenel He was born in 1975 in Ayd\u0131n and completed his primary, secondary and high school education in Ayd\u0131n. \u0130.\u00dc. He graduated from Cerrahpa\u015fa Faculty of Medicine in 1998. In 2005, he received his Aesthetic, Plastic and Reconstructive Surgery Specialization from Haydarpa\u015fa Numune Training and Research Hospital. In the same year, I.U. [&hellip;]<\/p>\n","protected":false},"author":1,"featured_media":723,"parent":0,"menu_order":0,"comment_status":"closed","ping_status":"closed","template":"","meta":{"footnotes":""},"class_list":["post-158","page","type-page","status-publish","has-post-thumbnail","hentry"],"_links":{"self":[{"href":"https:\/\/www.esracelik.com\/en\/wp-json\/wp\/v2\/pages\/158","targetHints":{"allow":["GET"]}}],"collection":[{"href":"https:\/\/www.esracelik.com\/en\/wp-json\/wp\/v2\/pages"}],"about":[{"href":"https:\/\/www.esracelik.com\/en\/wp-json\/wp\/v2\/types\/page"}],"author":[{"embeddable":true,"href":"https:\/\/www.esracelik.com\/en\/wp-json\/wp\/v2\/users\/1"}],"replies":[{"embeddable":true,"href":"https:\/\/www.esracelik.com\/en\/wp-json\/wp\/v2\/comments?post=158"}],"version-history":[{"count":10,"href":"https:\/\/www.esracelik.com\/en\/wp-json\/wp\/v2\/pages\/158\/revisions"}],"predecessor-version":[{"id":787,"href":"https:\/\/www.esracelik.com\/en\/wp-json\/wp\/v2\/pages\/158\/revisions\/787"}],"wp:featuredmedia":[{"embeddable":true,"href":"https:\/\/www.esracelik.com\/en\/wp-json\/wp\/v2\/media\/723"}],"wp:attachment":[{"href":"https:\/\/www.esracelik.com\/en\/wp-json\/wp\/v2\/media?parent=158"}],"curies":[{"name":"wp","href":"https:\/\/api.w.org\/{rel}","templated":true}]}}

<h3>MD, Esra Çelik Şenel</h3>
<p>He was born in 1975 in Aydın and completed his primary, secondary and high school education in Aydın. İ.Ü. He graduated from Cerrahpaşa Faculty of Medicine in 1998. In 2005, he received his Aesthetic, Plastic and Reconstructive Surgery Specialization from Haydarpaşa Numune Training and Research Hospital.</p>
<p>In the same year, I.U. He graduated from the State Conservatory, Opera-Singing Department part-time. In the following years, he accelerated his scientific studies and increased his experience in breast reconstruction at Memorial Sloan Kettering Cancer Center (New York &#8211; USA), one of the most famous cancer centers in the world.</p>
<p>MD, Esra Çelik Şenel still works in her own clinic in Nişantaşı.</p>
<p>Our surgeon, who believes that Aesthetic Surgery is intertwined with art, believes that beauty is hidden in the details and it is necessary to strive for an appearance close to nature.</p>
<p><a href="https://www.posta.com.tr/yazarlar/op-dr-esra-celik-senel/" target="blank" rel="noopener"><img loading="lazy" decoding="async" class="alignnone size-full wp-image-700" src="https://www.esracelik.com/en/wp-content/uploads/2023/06/Esra-Celik-Posta.jpg" alt="" width="364" height="98" srcset="https://www.esracelik.com/en/wp-content/uploads/2023/06/Esra-Celik-Posta.jpg 364w, https://www.esracelik.com/en/wp-content/uploads/2023/06/Esra-Celik-Posta-300x81.jpg 300w" sizes="auto, (max-width: 364px) 100vw, 364px" /></a></p>
<p><strong><a href="https://www.posta.com.tr/yazarlar/op-dr-esra-celik-senel/" target="blank" rel="noopener">MD, Esra Çelik Şenel Posta Newspaper My Columns</a></strong></p>
<p>&nbsp;</p>

<p>MD, Esra Çelik Şenel He was born in 1975 in Aydın and completed his primary, secondary and high school education in Aydın. İ.Ü. He graduated from Cerrahpaşa Faculty of Medicine in 1998. In 2005, he received his Aesthetic, Plastic and Reconstructive Surgery Specialization from Haydarpaşa Numune Training and Research Hospital. In the same year, I.U. [&hellip;]</p>
